. What is the remainder when p is divided by 20?
16
Suppose 0 = -385*k + 340 + 15640 + 16745. Calculate the remainder when 6105 is divided by k.
70
Calculate the remainder when ((-13)/((-130)/150))/(12/28) is divided by 12.
11
Suppose -19 = -5*m - 4*i + 48, -38 = -2*m + 4*i. What is the remainder when 715 is divided by m?
10
Let y = -192 + 208. Let w be (-9)/3 - -3 - -35. Let u = w - 7. What is the remainder when u is divided by y?
12
Let m(a) = 16*a**2 + a + 88. Calculate the remainder when m(-9) is divided by 20.
15
Let a = -43800 - -44276. Calculate the remainder when a is divided by 48.
44
Let y(b) = 7 + 14 - 3*b + 3*b**2 - 10. Let w be y(5). Suppose 4*t = v - t - w, v + 3*t = 39. Calculate the remainder when v is divided by 13.
12
Suppose -55 = -z - 57, m - 5*z - 41 = 0. Calculate the remainder when 112 is divided by m.
19
Suppose -2*j + 3*z = 9, -z = 3*j + 3*z - 12. Suppose 41*v - 1658 + 633 = j. Calculate the remainder when 87 is divided by v.
12
Let b = 180 - 272. Let o = 149 + b. Calculate the remainder when o is divided by 15.
12
Suppose 2*v = -6 + 4. Let u(t) = 2*t**3 + 23*t**2 + 76*t + 1505. What is the remainder when 1*v - (-20)/1 is divided by u(-13)?
9
What is the remainder when 3390 is divided by (-30*7/490)/((-1)/(-14)*-1)?
0
Let g = 10358 + -10348. Let s(o) = -6*o**3 + 3*o + 4. Calculate the remainder when s(-3) is divided by g.
7
Suppose -2*u = -t + 48, -t - 61 = u - 94. What is the remainder when 321 is divided by t?
17
Let s(v) = -v**2 - 5*v + 41. Let z be s(-9). Suppose -3*a + z*f = -46, -f + 14 = 2*a - 21. What is the remainder when 593 is divided by a?
15
Let u = -79 - -630. Let a = -487 + u. Calculate the remainder when a is divided by 13.
12
Suppose -214*z + 210*z + 476 = 0. What is the remainder when 259 is divided by z?
21
Let k(n) = 2*n - 7. Let d be k(15). Suppose 28*m + 115 = d*m. What is the remainder when 42 is divided by m*(-2)/4*(1 + 1)?
19
Suppose -4 + 13 = -12*c + 21. Let a = 1 - 5. What is the remainder when 104 is divided by c*(400/4)/4 + a?
20
Let i be (-1)/1 - (-3 - -2). Let y = i - -14. Suppose -y = -5*j + 61. What is the remainder when 58 is divided by j?
13
What is the remainder when 118 is divided by 3/15*5 - 0*4/(-24)?
0
Let z be (30/(-4) + 5)/(4/(-8)). Suppose -5*g + 162 = -4*g - 3*s, -z*s = -4*g + 676. Calculate the remainder when g is divided by 76.
22
Let f(i) = -3*i**3 + 136*i**2 - 45*i + 29. Calculate the remainder when 516 is divided by f(45).
23
Let c = 1869 - 1458. Calculate the remainder when c is divided by 50.
11
Let y = -20672 - -26983. Calculate the remainder when y is divided by 26.
19
Let j(z) = z**2 - 3*z - 194. Let t be j(-17). Let l = -100 + t. Calculate the remainder when l is divided by 15.
1
Let z(m) = -778*m - 17875. Let d = 181 + -129. Calculate the remainder when d is divided by z(-23).
14
Let s(f) be the first derivative of -12*f**2 + 132*f + 5. Calculate the remainder when s(0) is divided by 27.
24
Let i(d) = -13*d + 1. Let s be (7 - (-6 - 4)/5) + 2. Let u = s - -16. What is the remainder when u is divided by i(-1)?
13
Suppose 29*q + 7*q - 35910 = -27*q. Calculate the remainder when q is divided by 563.
7
Let u(n) = 105*n**2 + 4*n. Let r(l) = 15*l + 1136. Calculate the remainder when r(-22) is divided by u(-1).
99
Let c = -2797 + 2820. Calculate the remainder when 209 is divided by c.
2
Let v(b) = -b**3 - 110*b**2 + 222*b + 201. Calculate the remainder when v(-112) is divided by 39.
35
Suppose 300 = 74*l - 14*l. Calculate the remainder when (l - (6 + -4)) + 79 is divided by 2.
0
Suppose 8*i - 655 + 31 = 0. Suppose i - 104 = -2*s. What is the remainder when 50 is divided by s?
11
Suppose -345*s + 347*s - 4*q = 140, q - 203 = -3*s. What is the remainder when 114 is divided by s?
46
Suppose 0 = 3*s - 429 - 423. Suppose -s = -11*b - 97. Calculate the remainder when 31 is divided by b.
14
Let s = 914 - 481. Suppose s + 251 = 4*r. What is the remainder when r is divided by 35?
31
Let j = -197 + 209. Suppose -i - 2*i - v = -31, -j = -3*v. Calculate the remainder when i is divided by 3.
0
Let l(n) = -9*n + 79. Let z(v) = 6*v + 172. Let c be z(-28). Calculate the remainder when 257 is divided by l(c).
42
What is the remainder when 3/(((-27)/103656)/(54/(-72))) is divided by 48?
46
Let z = 48 + -31. Suppose -3*q = -5*v - 20, -5*v + 3*v - z = -3*q. Calculate the remainder when 693/36 + (-2)/8 is divided by q.
4
Suppose 2*g - 3*y + 189 = 0, g + 3*y = 14 - 104. Suppose a + 2*b - 48 = 5, -3*a - 5*b = -156. What is the remainder when a is divided by 28 + 2/(-11) + g/33?
22
Suppose -4*z = z + 2*g - 2639, -2*z - g = -1056. Let v = z - 352. What is the remainder when v is divided by 30?
25
Let j = -118 - -223. Suppose -j = 120*i - 125*i. Suppose 2*p - i = 17. What is the remainder when 55 is divided by p?
17
Calculate the remainder when 2644 is divided by 2/(-2 + 3) + (-30)/(-9)*12.
40
Let u = -6468 - -6569. What is the remainder when 347 is divided by u?
44
Suppose 2*v + 5*i = 231, -3*v + 3*i = 30 - 345. Calculate the remainder when v is divided by (-992)/(-128) - (-1)/4.
4
Let o = 704 - 346. Let f = -355 + o. Calculate the remainder when 90 is divided by f.
0
Let p(t) = 7*t + 12. Let u be p(15). Suppose u + 51 = 21*s. What is the remainder when 27 is divided by s?
3
Let a(b) = 3*b**2 + 14*b - 420. What is the remainder when 4750 is divided by a(11)?
94
Let x(c) = 1145*c - 6846. Calculate the remainder when x(6) is divided by 19.
5
Suppose -q + 19 = -2*q. Let n(c) be the second derivative of c**3/3 + 31*c**2 + 482*c. Calculate the remainder when 81 is divided by n(q).
9
Suppose 0 = -15*w + 131 + 19. Suppose 3*m = 9, -c + 2*c = 3*m - 4. What is the remainder when w is divided by c?
0
Let z(m) = 12*m + 60. Let p be z(4). Suppose -133*h + 137*h - p = 0. What is the remainder when 70 is divided by h?
16
Let i = 58 + 27. What is the remainder when i is divided by ((-17)/(-51))/((-52)/(-1014) + (-4)/416)?
5
Let t(o) = 6*o**2 + 178*o - 731. What is the remainder when 181 is divided by t(4)?
27
Suppose -7*x - 12*x = -950. Let o be (-5)/25 - (-4458)/15. Suppose 47*f - o = 44*f. Calculate the remainder when f is divided by x.
49
What is the remainder when 2506/56 - 1/(-4) is divided by 162/(-10)*350/(-210)?
18
Let r be (-2 + 2)/((-14)/7). Suppose 0 = 2*k - r*k - 56. Suppose -4*q + 8 = 0, m + q = 3*q + 6. Calculate the remainder when k is divided by m.
8
Suppose -5*l = 3*v - 18, -l + 3 + 4 = 4*v. Suppose 5*p - 75 = -2*y - 30, -l*y + 2*p + 20 = 0. Calculate the remainder when 86 is divided by y.
6
Let w(j) = -j**2 - 53*j - 194. Let i be w(-39). Suppose 111*h - i = 107*h. What is the remainder when h is divided by 45?
43
Suppose 182 = 4*d - 2*b, b - 5*b + 200 = 4*d. Suppose 4*w = 4*y - 52, d = -2*y + 4*w + 73. Calculate the remainder when 49 is divided by y.
10
Suppose 18 - 18 = -6*c. Suppose 2*x + 5*n = 19, -48 = -3*x - n - c. Calculate the remainder when 65 is divided by x.
14
Let i(d) = 2*d**3 - 37*d**2 + 130*d - 10. Calculate the remainder when i(14) is divided by 33.
13
Suppose -64*t + 72*t = 360. What is the remainder when 156 is divided by 24/180 - (-1794)/t?
36
Let b = -101 - -71. Let g = b - -41. What is the remainder when 97 is divided by g?
9
Let u = -8777 - -9024. What is the remainder when 771 is divided by u?
30
Let f = -260 + 354. Let d be 5 + -1 + 0 + -1. Suppose d*y + 16 = f. What is the remainder when y is divided by 16?
10
Let l = 4 + 8. Calculate the remainder when (13 + (-123)/9)/((-1 - 1)/282) is divided by l.
10
Suppose -34*w + 26*w + 32 = 0. Suppose 33 = w*l - 115. Calculate the remainder when 103 is divided by l.
29
Let a(p) = 9*p + 7. Suppose -5*r + 8*r + 127 = 2*x, 3*x = -5*r + 219. What is the remainder when a(16) is divided by x?
15
Let i(l) = 115*l - 4605. What is the remainder when 2923 is divided by i(42)?
223
Let o(h) = -h**2 + 2. Let z be o(0). Let g be 0/(1 - z/(-2)). Suppose g*r + 310 = 5*r. Calculate the remainder when r is divided by 16.
14
Suppose -h + 5*t + 70 = 4*h, t + 34 = 3*h. What is the remainder when 42*(-5 - (-110)/20) is divided by h?
1
Let y(p) = -2*p**3 - p**2 - 31*p - 81. What is the remainder when y(-3) is divided by 22?
13
Suppose 4*o + 20 - 12 = -4*l, -3*l + 4*o + 1 = 0. What is the remainder when 8/(-12)*l*429 is divided by 36?
34
Let c(g) =